{"id":1162,"date":"2021-02-23T17:02:03","date_gmt":"2021-02-23T16:02:03","guid":{"rendered":"https:\/\/amg2l.com\/?page_id=1162"},"modified":"2022-02-14T11:04:27","modified_gmt":"2022-02-14T11:04:27","slug":"multirisques-professionnelle","status":"publish","type":"page","link":"https:\/\/www.amg2l.com\/?page_id=1162","title":{"rendered":"Multirisques Entreprise"},"content":{"rendered":"<style>.kb-image_638317-e5 .kb-image-has-overlay:after{opacity:0.3;}<\/style>\n<figure class=\"wp-block-kadence-image kb-image_638317-e5 size-large\"><img data-recalc-dims=\"1\" loading=\"lazy\" decoding=\"async\" width=\"740\" height=\"416\" src=\"https:\/\/i0.wp.com\/amg2l.com\/wp-content\/uploads\/2022\/02\/MRP-SITE-WEB-1024x576.jpg?resize=740%2C416&#038;ssl=1\" alt=\"Multirisque professionnelle\" class=\"kb-img wp-image-3537\" srcset=\"https:\/\/i0.wp.com\/www.amg2l.com\/wp-content\/uploads\/2022\/02\/MRP-SITE-WEB-scaled.jpg?resize=1024%2C576&amp;ssl=1 1024w, https:\/\/i0.wp.com\/www.amg2l.com\/wp-content\/uploads\/2022\/02\/MRP-SITE-WEB-scaled.jpg?resize=300%2C169&amp;ssl=1 300w, https:\/\/i0.wp.com\/www.amg2l.com\/wp-content\/uploads\/2022\/02\/MRP-SITE-WEB-scaled.jpg?resize=768%2C432&amp;ssl=1 768w, https:\/\/i0.wp.com\/www.amg2l.com\/wp-content\/uploads\/2022\/02\/MRP-SITE-WEB-scaled.jpg?resize=1536%2C864&amp;ssl=1 1536w, https:\/\/i0.wp.com\/www.amg2l.com\/wp-content\/uploads\/2022\/02\/MRP-SITE-WEB-scaled.jpg?resize=2048%2C1152&amp;ssl=1 2048w, https:\/\/i0.wp.com\/www.amg2l.com\/wp-content\/uploads\/2022\/02\/MRP-SITE-WEB-scaled.jpg?resize=2000%2C1125&amp;ssl=1 2000w, https:\/\/i0.wp.com\/www.amg2l.com\/wp-content\/uploads\/2022\/02\/MRP-SITE-WEB-scaled.jpg?w=1480&amp;ssl=1 1480w, https:\/\/i0.wp.com\/www.amg2l.com\/wp-content\/uploads\/2022\/02\/MRP-SITE-WEB-scaled.jpg?w=2220&amp;ssl=1 2220w\" sizes=\"auto, (max-width: 740px) 100vw, 740px\" \/><figcaption>Multirisque professionnelle avec MG2L<\/figcaption><\/figure>\n\n\n\n<p class=\"has-text-align-justify has-text-color has-medium-font-size\" style=\"color:#0f4a79\">L&rsquo;assurance multirisque entreprise vous permet de couvrir tous les risques li\u00e9s \u00e0 votre activit\u00e9 en terme de responsabilit\u00e9 (commun\u00e9ment appel\u00e9 RC Pro) et les risques li\u00e9s \u00e0 vos biens \u00e0 savoir votre local, les biens que vous poss\u00e9dez, le stock. Cette assurance vous indemnisera en cas de sinistre suite \u00e0 un dommage que vous auriez provoqu\u00e9 ou suite \u00e0 un dommage sur  votre local, vos biens, votre stock.  Vous pouvez couvrir diff\u00e9rents \u00e9v\u00e8nements par le biais de plusieurs garanties.<\/p>\n\n\n<style>.wp-block-kadence-advancedheading.kt-adv-heading_370a90-3a, .wp-block-kadence-advancedheading.kt-adv-heading_370a90-3a[data-kb-block=\"kb-adv-heading_370a90-3a\"]{font-style:normal;}.wp-block-kadence-advancedheading.kt-adv-heading_370a90-3a mark.kt-highlight, .wp-block-kadence-advancedheading.kt-adv-heading_370a90-3a[data-kb-block=\"kb-adv-heading_370a90-3a\"] mark.kt-highlight{font-style:normal;color:#f76a0c;-webkit-box-decoration-break:clone;box-decoration-break:clone;padding-top:0px;padding-right:0px;padding-bottom:0px;padding-left:0px;}.wp-block-kadence-advancedheading.kt-adv-heading_370a90-3a img.kb-inline-image, .wp-block-kadence-advancedheading.kt-adv-heading_370a90-3a[data-kb-block=\"kb-adv-heading_370a90-3a\"] img.kb-inline-image{width:150px;vertical-align:baseline;}<\/style>\n<h2 class=\"kt-adv-heading_370a90-3a wp-block-kadence-advancedheading\" data-kb-block=\"kb-adv-heading_370a90-3a\">R\u00e8gle n\u00b01: D\u00e9finir pr\u00e9cis\u00e9ment la valeur de votre entreprise<\/h2>\n\n\n\n<p class=\"has-text-color has-medium-font-size\" style=\"color:#0f4a79\"><strong>Les BATIMENTS<\/strong> peuvent \u00eatre assur\u00e9s de plusieurs mani\u00e8res:<\/p>\n\n\n\n<p class=\"has-text-color has-medium-font-size\" style=\"color:#0f4a79\">\ud83d\udc49 en valeur de reconstruction (mat\u00e9riaux, main-d&rsquo;\u0153uvre, honoraires d&rsquo;architecte) \u00e0 savoir le co\u00fbt de reconstruction au jour du sinistre diminu\u00e9 d&rsquo;un taux de v\u00e9tust\u00e9. (C&rsquo;est l&rsquo;expert missionn\u00e9 par l&rsquo;assureur qui  d\u00e9finira ce taux de v\u00e9tust\u00e9.<\/p>\n\n\n\n<p class=\"has-text-color has-medium-font-size\" style=\"color:#0f4a79\">\ud83d\udc49en valeur \u00e0 neuf (c&rsquo;est-\u00e0-dire sans d\u00e9duction de v\u00e9tust\u00e9 lorsque celle-ci n&rsquo;exc\u00e8de pas 25 % de la valeur \u00e0 neuf), selon la formule d&rsquo;assurance choisie. <\/p>\n\n\n\n<p class=\"has-text-color has-medium-font-size\" style=\"color:#0f4a79\">Il est recommand\u00e9 de garantir aussi les frais et pertes annexes.<\/p>\n\n\n<style>.wp-block-kadence-spacer.kt-block-spacer-_b1169f-f2 .kt-block-spacer{height:9px;}.wp-block-kadence-spacer.kt-block-spacer-_b1169f-f2 .kt-divider{border-top-width:1px;height:1px;border-top-color:#fff;width:80%;border-top-style:solid;}<\/style>\n<div class=\"wp-block-kadence-spacer aligncenter kt-block-spacer-_b1169f-f2\"><div class=\"kt-block-spacer kt-block-spacer-halign-center\" style=\"height:9px\"><hr class=\"kt-divider\" style=\"border-top-color:#fff;border-top-width:1px;width:80%;border-top-style:solid\"\/><\/div><\/div>\n\n\n\n<p class=\"has-text-color has-medium-font-size\" style=\"color:#0f4a79\"><strong>Le MOBILIER et le MAT\u00c9RIEL<\/strong> peuvent \u00eatre assur\u00e9s de plusieurs  mani\u00e8res:<\/p>\n\n\n\n<p class=\"has-text-color has-medium-font-size\" style=\"color:#0f4a79\">\ud83d\udc49 en valeur de remplacement \u00e0 neuf incluant les \u00e9ventuels frais de transport et d&rsquo;installation. <\/p>\n\n\n\n<p class=\"has-text-color has-medium-font-size\" style=\"color:#0f4a79\">\ud83d\udc49 en valeur d&rsquo;usage (valeur de remplacement, v\u00e9tust\u00e9 d\u00e9duite).<\/p>\n\n\n\n<p class=\"has-text-color has-medium-font-size\" style=\"color:#0f4a79\"><strong>Les MARCHANDISES<\/strong> correspondant au stock sont valoris\u00e9s de la mani\u00e8re suivante:<\/p>\n\n\n\n<p class=\"has-text-color has-medium-font-size\" style=\"color:#0f4a79\">Si ce sont des <strong>mati\u00e8res premi\u00e8res, emballages, approvisionnements <\/strong><\/p>\n\n\n\n<p class=\"has-text-color has-medium-font-size\" style=\"color:#0f4a79\">-&gt; Nous prenons le prix d&rsquo;achat + frais de transport et de manutention.<\/p>\n\n\n\n<p class=\"has-text-color has-medium-font-size\" style=\"color:#0f4a79\">SI ce sont des <strong>produits finis ou en cours de fabrication<\/strong> : <\/p>\n\n\n\n<p class=\"has-text-color has-medium-font-size\" style=\"color:#0f4a79\">-&gt; Nous calculons : prix d&rsquo;achat des mati\u00e8res premi\u00e8res et produits utilis\u00e9s + les frais de fabrication expos\u00e9s + une part des frais g\u00e9n\u00e9raux relatifs \u00e0 la fabrication.<\/p>\n\n\n\n<p class=\"has-text-color has-medium-font-size\" style=\"color:#0f4a79\">Si ce sont des <strong>marchandises vendues mais non encore livr\u00e9es<\/strong><\/p>\n\n\n\n<p class=\"has-text-color has-medium-font-size\" style=\"color:#0f4a79\">-&gt; Nous calculons :  prix de vente d\u00e9duction faite des frais \u00e9pargn\u00e9s par l&rsquo;absence de livraison.<\/p>\n\n\n\n<p class=\"has-text-color has-medium-font-size\" style=\"color:#0f4a79\">Pr\u00e9cision sur la  TVA: <br>Lorsque celle-ci n&rsquo;est pas r\u00e9cup\u00e9rable, elle doit \u00eatre ajout\u00e9e dans les montants d\u00e9clar\u00e9s.<\/p>\n\n\n<style>.wp-block-kadence-advancedheading.kt-adv-heading_9a959b-1a, .wp-block-kadence-advancedheading.kt-adv-heading_9a959b-1a[data-kb-block=\"kb-adv-heading_9a959b-1a\"]{font-style:normal;}.wp-block-kadence-advancedheading.kt-adv-heading_9a959b-1a mark.kt-highlight, .wp-block-kadence-advancedheading.kt-adv-heading_9a959b-1a[data-kb-block=\"kb-adv-heading_9a959b-1a\"] mark.kt-highlight{font-style:normal;color:#f76a0c;-webkit-box-decoration-break:clone;box-decoration-break:clone;padding-top:0px;padding-right:0px;padding-bottom:0px;padding-left:0px;}.wp-block-kadence-advancedheading.kt-adv-heading_9a959b-1a img.kb-inline-image, .wp-block-kadence-advancedheading.kt-adv-heading_9a959b-1a[data-kb-block=\"kb-adv-heading_9a959b-1a\"] img.kb-inline-image{width:150px;vertical-align:baseline;}<\/style>\n<h2 class=\"kt-adv-heading_9a959b-1a wp-block-kadence-advancedheading\" data-kb-block=\"kb-adv-heading_9a959b-1a\">R\u00e8gle n\u00b02 : Mettre \u00e0 jour les informations aupr\u00e8s de son assureur <\/h2>\n\n\n\n<p class=\"has-text-color has-medium-font-size\" style=\"color:#0f4a79\">Toute nouvelle information venant modifier le risque recueilli lors de la souscription doit faire l&rsquo;objet d&rsquo;une information aupr\u00e8s de son assureur . Cela peut \u00eatre l&rsquo;acquisition d&rsquo;un b\u00e2timent ou l&rsquo;achat de mat\u00e9riel suppl\u00e9mentaire. <\/p>\n\n\n\n<p class=\"has-text-color has-medium-font-size\" style=\"color:#0f4a79\">A d\u00e9faut, en cas de sinistre et d&rsquo;une demande d&rsquo;indemnisation qui d\u00e9passe le capital assur\u00e9, l&rsquo;assureur indemnisera moins en appliquant la r\u00e8gle proportionnelle de capitaux pr\u00e9vus dans le Code des assurances. <\/p>\n\n\n\n<p class=\"has-text-color has-medium-font-size\" style=\"color:#820002\">Les \u00e9v\u00e9nements couverts<\/p>\n\n\n\n<h3 class=\"has-text-color has-medium-font-size wp-block-heading\" id=\"incendie-explosion\" style=\"color:#820002\"> \u2705 INCENDIE EXPLOSION<\/h3>\n\n\n\n<p class=\"has-text-color has-medium-font-size\" style=\"color:#0f4a79\">La garantie couvre les d\u00e9g\u00e2ts caus\u00e9s aux biens assur\u00e9s par ces \u00e9v\u00e9nements et par les op\u00e9rations de sauvetage aff\u00e9rentes.<\/p>\n\n\n\n<p class=\"has-text-color has-medium-font-size\" style=\"color:#0f4a79\"><strong>Pr\u00e9vention<\/strong><br>Le chef d&rsquo;entreprise a l&rsquo;obligation de prendre des mesures pour assurer la s\u00e9curit\u00e9 dans son entreprise.Ces mesures permettent non seulement de limiter le risque d&rsquo;incendie ou d&rsquo;explosion, mais aussi de r\u00e9duire le co\u00fbt de l&rsquo;assurance.<\/p>\n\n\n\n<h3 class=\"has-text-color has-medium-font-size wp-block-heading\" id=\"tempete-grele-poids-de-la-neige-sur-toitures\" style=\"color:#820002\">  \u2705 TEMP\u00caTE &#8211; GR\u00c8LE &#8211; POIDS DE LA NEIGE SUR TOITURES<\/h3>\n\n\n\n<h3 class=\"has-text-color has-medium-font-size wp-block-heading\" id=\"catastrophes-naturelles-inondations-coulees-de-boue-seisme\" style=\"color:#820002\">  \u2705 CATASTROPHES NATURELLES (inondations, coul\u00e9es de boue, s\u00e9isme&#8230;)<\/h3>\n\n\n\n<p class=\"has-text-color has-medium-font-size\" style=\"color:#0f4a79\">Les biens de l&rsquo;entreprise sont couverts au titre des catastrophes naturelles d\u00e8s qu&rsquo;ils le sont pour les dommages d&rsquo;incendie ou pour tout autre dommage aux biens.<\/p>\n\n\n\n<h3 class=\"has-text-color has-medium-font-size wp-block-heading\" id=\"actes-de-terrorisme-et-attentats\" style=\"color:#820002\">  \u2705 ACTES DE TERRORISME ET ATTENTATS<\/h3>\n\n\n\n<p class=\"has-text-color has-medium-font-size\" style=\"color:#0f4a79\">La garantie incendie est obligatoirement \u00e9tendue \u00e0 la couverture des dommages r\u00e9sultant d&rsquo;actes de terrorisme et d&rsquo;attentats touchant les biens assur\u00e9s.  Les dommages provenant d&rsquo;une guerre \u00e9trang\u00e8re ou d&rsquo;une guerre civile ne sont toutefois pas couverts.<\/p>\n\n\n\n<h3 class=\"has-text-color has-medium-font-size wp-block-heading\" id=\"emeutes-et-mouvements-populaires\" style=\"color:#820002\"> \u2705 \u00c9MEUTES ET MOUVEMENTS POPULAIRES<\/h3>\n\n\n\n<p class=\"has-text-color has-medium-font-size\" style=\"color:#0f4a79\">A la diff\u00e9rence de la garantie attentat, elle n&rsquo;est pas obligatoirement acquise. Cependant de nombreux contrats offrent la possibilit\u00e9 de garantir les d\u00e9g\u00e2ts cons\u00e9cutifs \u00e0 une \u00e9meute ou un mouvement populaire.<\/p>\n\n\n\n<h3 class=\"has-text-color has-medium-font-size wp-block-heading\" id=\"vandalisme\" style=\"color:#820002\">\u2705 VANDALISME<\/h3>\n\n\n\n<p class=\"has-text-color has-medium-font-size\" style=\"color:#0f4a79\">G\u00e9n\u00e9ralement, les dommages dus \u00e0 des actes de vandalisme sont seulement couverts s&rsquo;ils sont survenus \u00e0 l&rsquo;int\u00e9rieur des locaux. Des garanties plus larges existent et couvrent sur les actes de vandalisme \u00e0 l&rsquo;ext\u00e9rieur des locaux (graffitis&#8230;).<\/p>\n\n\n\n<h3 class=\"has-text-color has-medium-font-size wp-block-heading\" id=\"vol\" style=\"color:#820002\">\u2705 VOL<\/h3>\n\n\n\n<p class=\"has-text-align-justify has-text-color has-medium-font-size\" style=\"color:#0f4a79\">Le risque de vol peut \u00eatre limit\u00e9, voire \u00e9vit\u00e9, en prenant des mesures de pr\u00e9vention efficaces. Les dispositions pr\u00e9vues \u00e0 cet effet sont d\u00e9crites dans le contrat, ainsi que les circonstances de garantie&nbsp;: vol par effraction ou introduction clandestine etc&#8230; L&rsquo;assureur peut proposer des formules de garantie couvrant les marchandises. Les frais de cl\u00f4ture provisoire ou de gardiennage n\u00e9cessaires pour la protection des locaux sinistr\u00e9s sont r\u00e9guli\u00e8rement garantis.<\/p>\n\n\n\n<h3 class=\"has-text-color has-medium-font-size wp-block-heading\" id=\"degat-des-eaux\" style=\"color:#820002\">\u2705  D\u00c9GAT DES EAUX<\/h3>\n\n\n\n<p class=\"has-text-color has-medium-font-size\" style=\"color:#0f4a79\">Cette garantie couvre les dommages provoqu\u00e9s par l&rsquo;action de l&rsquo;eau qui peuvent \u00eatre:<\/p>\n\n\n\n<p class=\"has-text-color has-medium-font-size\" style=\"color:#0f4a79\"> \ud83d\udc49 la fuite ou la rupture d&rsquo;un tuyau &#8211; une canalisation ;<\/p>\n\n\n\n<p class=\"has-text-color has-medium-font-size\" style=\"color:#0f4a79\">\ud83d\udc49 les d\u00e9bordements de sanitaires, d&rsquo;appareils \u00e0 effets d&rsquo;eau (chaudi\u00e8re, fosse septique&#8230;) ;<\/p>\n\n\n\n<p class=\"has-text-color has-medium-font-size\" style=\"color:#0f4a79\">\ud83d\udc49 l&rsquo;engorgement ou la rupture de goutti\u00e8res ;<\/p>\n\n\n\n<p class=\"has-text-color has-medium-font-size\" style=\"color:#0f4a79\">\ud83d\udc49 les infiltrations provoqu\u00e9es par la pluie, la neige ou la gr\u00eale \u00e0 travers les toitures, les terrasses, les ciels vitr\u00e9s et parfois les fa\u00e7ades.<\/p>\n\n\n\n<p class=\"has-text-color has-medium-font-size\" style=\"color:#0f4a79\">Selon les contrats, elle peut couvrir par ailleurs d&rsquo;autres dommages tels que ceux dus au gel, ainsi que les fuites provenant des canalisations d&rsquo;alimentation en combustibles liquides.<\/p>\n\n\n\n<p class=\"has-text-color has-medium-font-size\" style=\"color:#0f4a79\">En revanche, la garantie d\u00e9g\u00e2t des eaux ne couvre pas le d\u00e9faut d&rsquo;entretien ou les travaux de r\u00e9paration.<\/p>\n\n\n\n<h3 class=\"has-text-color has-medium-font-size wp-block-heading\" id=\"frais-et-pertes-annexes\" style=\"color:#820002\">\u2705  FRAIS ET PERTES ANNEXES<\/h3>\n\n\n\n<p class=\"has-text-color has-medium-font-size\" style=\"color:#0f4a79\">En compl\u00e9ment des garanties cit\u00e9es ci-dessus, des garanties annexes peuvent couvrir le remboursement des frais et pertes suivants&nbsp;:<\/p>\n\n\n\n<p class=\"has-text-color has-medium-font-size\" style=\"color:#0f4a79\">-frais de d\u00e9molition, de d\u00e9blai et de mise en d\u00e9charge, les frais occasionn\u00e9s \u00e0 la suite des mesures conservatoires impos\u00e9es par d\u00e9cision administrative ;<\/p>\n\n\n\n<p class=\"has-text-color has-medium-font-size\" style=\"color:#0f4a79\">-les frais de mise en conformit\u00e9 des biens avec la r\u00e9glementation ;<\/p>\n\n\n\n<p class=\"has-text-color has-medium-font-size\" style=\"color:#0f4a79\">-les frais de d\u00e9placement et de relogement, y compris le co\u00fbt du garde-meubles et de la r\u00e9installation, le loyer de r\u00e9installation temporaire&#8230; ;<\/p>\n\n\n\n<p class=\"has-text-color has-medium-font-size\" style=\"color:#0f4a79\">-le remboursement de la cotisation de l&rsquo;assurance dommages ouvrage en cas de travaux de construction ;<\/p>\n\n\n\n<p class=\"has-text-color has-medium-font-size\" style=\"color:#0f4a79\">-les honoraires de d\u00e9corateurs, de bureaux d&rsquo;\u00e9tudes, de contr\u00f4le technique et d&rsquo;ing\u00e9nierie ;<\/p>\n\n\n\n<p class=\"has-text-color has-medium-font-size\" style=\"color:#0f4a79\">-la perte d&rsquo;usage, c&rsquo;est-\u00e0-dire la valeur locative des locaux inemploy\u00e9s \u00e0 cause du sinistre (garantie de la valeur annuelle des locaux occup\u00e9s) ;<\/p>\n\n\n\n<p class=\"has-text-color has-medium-font-size\" style=\"color:#0f4a79\">-la perte de loyers : le montant des loyers dont l&rsquo;assur\u00e9 peut, comme propri\u00e9taire, \u00eatre l\u00e9galement priv\u00e9 ;<\/p>\n\n\n\n<p class=\"has-text-color has-medium-font-size\" style=\"color:#0f4a79\">-le remboursement des honoraires pay\u00e9s par l&rsquo;assur\u00e9 \u00e0 l&rsquo;expert qu&rsquo;il a choisi ;<\/p>\n\n\n\n<p class=\"has-text-color has-medium-font-size\" style=\"color:#0f4a79\">-les pertes indirectes : l&rsquo;indemnit\u00e9 due pour le sinistre est augment\u00e9e d&rsquo;un pourcentage de celle-ci (entre 5 et 10 %,). Il existe deux formules : avec l&rsquo;une, l&rsquo;assur\u00e9 doit remettre des justificatifs pour recevoir un remboursement, alors qu&rsquo;il n&rsquo;est pas oblig\u00e9 de le faire avec l&rsquo;autre formule qui est forfaitaire.<\/p>\n\n\n\n<h3 class=\"has-text-color has-medium-font-size wp-block-heading\" id=\"bris-de-machine\" style=\"color:#820002\">\u2705 BRIS DE MACHINE<\/h3>\n\n\n\n<p class=\"has-text-align-justify has-text-color has-medium-font-size\" style=\"color:#0f4a79\">Cette garantie couvre le bris accidentel, soudain et impr\u00e9vu, la destruction du mat\u00e9riel et des machines utilis\u00e9es dans les locaux d&rsquo;exploitation. Cependant, elle ne prend pas en compte l&rsquo;usure, les d\u00e9fauts d&rsquo;entretien et les d\u00e9g\u00e2ts qui rel\u00e8vent de la garantie du constructeur.<\/p>\n\n\n\n<div class=\"wp-block-buttons is-layout-flex wp-block-buttons-is-layout-flex\">\n<div class=\"wp-block-button has-custom-width wp-block-button__width-50\"><a class=\"wp-block-button__link has-background\" href=\"https:\/\/amg2l.com\/\" style=\"background-color:#0f4a79\">RETOUR ACCUEIL<\/a><\/div>\n\n\n\n<div class=\"wp-block-button has-custom-width wp-block-button__width-50 is-style-fill\"><a class=\"wp-block-button__link has-background\" href=\"https:\/\/docs.google.com\/forms\/d\/e\/1FAIpQLSf9uDZghbygindtaZBHhHKhstdI8st64u8by65OGqezWR539w\/viewform\" style=\"background-color:#820002\">CONTACTEZ-NOUS<\/a><\/div>\n<\/div>\n","protected":false},"excerpt":{"rendered":"<p>L&rsquo;assurance multirisque entreprise vous permet de couvrir tous les risques li\u00e9s \u00e0 votre activit\u00e9 en terme de responsabilit\u00e9 (commun\u00e9ment appel\u00e9 RC Pro) et les risques li\u00e9s \u00e0 vos biens \u00e0 &hellip; <a href=\"https:\/\/www.amg2l.com\/?page_id=1162\" class=\"more-link\">Lire la suite <span class=\"screen-reader-text\">Multirisques Entreprise<\/span><\/a><\/p>\n","protected":false},"author":1,"featured_media":0,"parent":0,"menu_order":0,"comment_status":"closed","ping_status":"closed","template":"","meta":{"footnotes":""},"class_list":["post-1162","page","type-page","status-publish","hentry"],"jetpack_sharing_enabled":true,"_links":{"self":[{"href":"https:\/\/www.amg2l.com\/index.php?rest_route=\/wp\/v2\/pages\/1162","targetHints":{"allow":["GET"]}}],"collection":[{"href":"https:\/\/www.amg2l.com\/index.php?rest_route=\/wp\/v2\/pages"}],"about":[{"href":"https:\/\/www.amg2l.com\/index.php?rest_route=\/wp\/v2\/types\/page"}],"author":[{"embeddable":true,"href":"https:\/\/www.amg2l.com\/index.php?rest_route=\/wp\/v2\/users\/1"}],"replies":[{"embeddable":true,"href":"https:\/\/www.amg2l.com\/index.php?rest_route=%2Fwp%2Fv2%2Fcomments&post=1162"}],"version-history":[{"count":2,"href":"https:\/\/www.amg2l.com\/index.php?rest_route=\/wp\/v2\/pages\/1162\/revisions"}],"predecessor-version":[{"id":3768,"href":"https:\/\/www.amg2l.com\/index.php?rest_route=\/wp\/v2\/pages\/1162\/revisions\/3768"}],"wp:attachment":[{"href":"https:\/\/www.amg2l.com\/index.php?rest_route=%2Fwp%2Fv2%2Fmedia&parent=1162"}],"curies":[{"name":"wp","href":"https:\/\/api.w.org\/{rel}","templated":true}]}}