{"id":2478,"date":"2020-12-30T17:10:43","date_gmt":"2020-12-30T16:10:43","guid":{"rendered":"https:\/\/amg2l.com\/?page_id=7"},"modified":"2022-02-08T18:56:20","modified_gmt":"2022-02-08T18:56:20","slug":"qui-sommes-nous","status":"publish","type":"page","link":"https:\/\/www.amg2l.com\/?page_id=2478","title":{"rendered":"Qui sommes-nous?"},"content":{"rendered":"\n<div class=\"wp-block-cover alignfull is-light is-style-default\" style=\"min-height:400px;aspect-ratio:unset;\"><span aria-hidden=\"true\" class=\"has-background-dim-10 wp-block-cover__gradient-background has-background-dim\"><\/span><img data-recalc-dims=\"1\" decoding=\"async\" class=\"wp-block-cover__image-background wp-image-1258\" alt=\"\" src=\"https:\/\/amg2l.files.wordpress.com\/2021\/03\/notre-equipe.png?w=740\" data-object-fit=\"cover\"\/><div class=\"wp-block-cover__inner-container is-layout-flow wp-block-cover-is-layout-flow\">\n<p class=\"has-text-align-center has-large-font-size\"><\/p>\n<\/div><\/div>\n\n\n\n<h3 class=\"has-text-align-left has-text-color wp-block-heading\" id=\"l-equipe-mg2l\" style=\"color:#820002\">L&rsquo;\u00e9quipe MG2L <\/h3>\n\n\n\n<p class=\"has-text-align-justify has-text-color\" style=\"color:#0f4a79;font-size:15px\">MG2L est l\u2019aboutissement d\u2019un projet de 4 personnes dont l\u2019objectif est le regroupement de comp\u00e9tences pour r\u00e9pondre \u00e0 des probl\u00e9matiques vari\u00e9es dans le domaine de l\u2019assurance.<\/p>\n\n\n\n<p class=\"has-text-align-justify has-text-color\" style=\"color:#0f4a79;font-size:15px\">Cette structure a \u00e9t\u00e9 cr\u00e9\u00e9e pour r\u00e9pondre avec r\u00e9activit\u00e9, professionnalisme et&nbsp; en toute ind\u00e9pendance au besoin du Client.<\/p>\n\n\n\n<p class=\"has-text-color\" style=\"color:#820002\">Pr\u00e9sentation des profils associ\u00e9s:<\/p>\n\n\n\n<p class=\"has-text-color\" style=\"color:#820002;line-height:1.2\"><strong>St\u00e9phane LAMOUROUX<\/strong>:<\/p>\n\n\n\n<p class=\"has-text-align-justify has-text-color\" style=\"color:#0f4a79;line-height:1.2\">Fondateur de la structure<strong> <em><a rel=\"noreferrer noopener\" href=\"https:\/\/www.valoriale.org\/\" target=\"_blank\">Valoriale<\/a><\/em><\/strong> sp\u00e9cialis\u00e9e dans le courtage en pr\u00eat immobilier et le courtage en assurance depuis 2010.<a href=\"http:\/\/www.valoriale.org\" data-type=\"URL\" data-id=\"www.valoriale.org\">www.<\/a><a href=\"http:\/\/www.valoriale.com\" data-type=\"URL\" data-id=\"www.valoriale.com\">valoriale.com<\/a><\/p>\n\n\n\n<p class=\"has-text-color\" style=\"color:#820002;line-height:1.2\"><strong>Sylvie LAMOUROUX:<\/strong><\/p>\n\n\n\n<p class=\"has-text-align-justify has-text-color\" style=\"color:#0f4a79;line-height:1.2\">Fondatrice de l&rsquo;\u00c9tablissement de Formation <strong><em><a rel=\"noreferrer noopener\" href=\"https:\/\/www.valoriale-lunel.com\/\" target=\"_blank\">Valoriale Formation<\/a><\/em><\/strong> sp\u00e9cialis\u00e9 dans la formation des courtiers en banque IOB, en assurance IAS, des agents immobiliers et des conseillers en investissement financier CIF, depuis 2011. <a rel=\"noreferrer noopener\" href=\"http:\/\/www.valoriale.fr\" data-type=\"URL\" data-id=\"www.valoriale.fr\" target=\"_blank\">www.valoriale.fr<\/a><\/p>\n\n\n\n<p class=\"has-text-color\" style=\"color:#822411;line-height:1.2\"><strong>Gregory BENEZET<\/strong>:<\/p>\n\n\n\n<p class=\"has-text-align-justify has-text-color\" style=\"color:#0f4a79;line-height:1.2\">Fondateur de <strong><em><a href=\"http:\/\/www.nemausa-patrimoine.fr\/\">Nemausa Patrimoine Conseil<\/a><\/em><\/strong> sp\u00e9cialis\u00e9 dans la protection sociale (Pr\u00e9voyance, Compl\u00e9mentaire Sant\u00e9) et le conseil en strat\u00e9gie patrimoniale (Retraite, Placement, \u00c9pargne Financi\u00e8re, Probl\u00e9matiques Fiscales, Succession) depuis 2007.\u00a0<a href=\"http:\/\/www.nemausa-patrimoine.com\" data-type=\"URL\" data-id=\"www.nemausa-patrimoine.com\">www.nemausa-patrimoine.com<\/a><\/p>\n\n\n\n<p class=\"has-text-color\" style=\"color:#821912;line-height:1.2\"><strong>Marion BENEZET<\/strong>:<\/p>\n\n\n\n<p class=\"has-text-align-justify has-text-color\" style=\"color:#0f4a79;line-height:1.2\">Sp\u00e9cialis\u00e9e dans la n\u00e9gociation commerciale et la relation client depuis 2007, elle int\u00e8gre en 2017 le secteur de l\u2019assurance pour devenir courtier.<\/p>\n\n\n\n<div class=\"wp-block-group\"><div class=\"wp-block-group__inner-container is-layout-flow wp-block-group-is-layout-flow\">\n<div class=\"wp-block-buttons is-layout-flex wp-block-buttons-is-layout-flex\">\n<div class=\"wp-block-button has-custom-width wp-block-button__width-50\"><a class=\"wp-block-button__link has-background\" href=\"https:\/\/amg2l.com\/\" style=\"background-color:#820002\">RETOUR <\/a><\/div>\n\n\n\n<div class=\"wp-block-button has-custom-width wp-block-button__width-50 is-style-fill\"><a class=\"wp-block-button__link has-white-color has-text-color has-background\" href=\"https:\/\/docs.google.com\/forms\/d\/e\/1FAIpQLSf9uDZghbygindtaZBHhHKhstdI8st64u8by65OGqezWR539w\/viewform\" style=\"border-radius:19px;background-color:#0f5c7d\" target=\"_blank\" rel=\"noreferrer noopener\">CONTACTEZ-NOUS<\/a><\/div>\n<\/div>\n<\/div><\/div>\n","protected":false},"excerpt":{"rendered":"<p>L&rsquo;\u00e9quipe MG2L MG2L est l\u2019aboutissement d\u2019un projet de 4 personnes dont l\u2019objectif est le regroupement de comp\u00e9tences pour r\u00e9pondre \u00e0 des probl\u00e9matiques vari\u00e9es dans le domaine de l\u2019assurance. Cette structure &hellip; <a href=\"https:\/\/www.amg2l.com\/?page_id=2478\" class=\"more-link\">Lire la suite <span class=\"screen-reader-text\">Qui sommes-nous?<\/span><\/a><\/p>\n","protected":false},"author":1,"featured_media":0,"parent":0,"menu_order":0,"comment_status":"closed","ping_status":"closed","template":"","meta":{"footnotes":""},"class_list":["post-2478","page","type-page","status-publish","hentry"],"jetpack_sharing_enabled":false,"_links":{"self":[{"href":"https:\/\/www.amg2l.com\/index.php?rest_route=\/wp\/v2\/pages\/2478","targetHints":{"allow":["GET"]}}],"collection":[{"href":"https:\/\/www.amg2l.com\/index.php?rest_route=\/wp\/v2\/pages"}],"about":[{"href":"https:\/\/www.amg2l.com\/index.php?rest_route=\/wp\/v2\/types\/page"}],"author":[{"embeddable":true,"href":"https:\/\/www.amg2l.com\/index.php?rest_route=\/wp\/v2\/users\/1"}],"replies":[{"embeddable":true,"href":"https:\/\/www.amg2l.com\/index.php?rest_route=%2Fwp%2Fv2%2Fcomments&post=2478"}],"version-history":[{"count":2,"href":"https:\/\/www.amg2l.com\/index.php?rest_route=\/wp\/v2\/pages\/2478\/revisions"}],"predecessor-version":[{"id":3686,"href":"https:\/\/www.amg2l.com\/index.php?rest_route=\/wp\/v2\/pages\/2478\/revisions\/3686"}],"wp:attachment":[{"href":"https:\/\/www.amg2l.com\/index.php?rest_route=%2Fwp%2Fv2%2Fmedia&parent=2478"}],"curies":[{"name":"wp","href":"https:\/\/api.w.org\/{rel}","templated":true}]}}