{"id":2960,"date":"2021-04-25T15:37:03","date_gmt":"2021-04-25T13:37:03","guid":{"rendered":"https:\/\/amg2l.com\/?page_id=2960"},"modified":"2021-04-25T15:37:03","modified_gmt":"2021-04-25T13:37:03","slug":"offres-exclusives","status":"publish","type":"page","link":"https:\/\/www.amg2l.com\/?page_id=2960","title":{"rendered":"Offres RC PRO m\u00e9tiers r\u00e9glement\u00e9s"},"content":{"rendered":"\n<div class=\"wp-block-image has-filter-saturation\"><figure class=\"aligncenter size-large is-resized\"><a href=\"https:\/\/amg2l.com\/offre-exclusive-rc-pro-agent-co\/\" target=\"_blank\" rel=\"noopener\"><img data-recalc-dims=\"1\" decoding=\"async\" src=\"https:\/\/i0.wp.com\/amg2l.com\/wp-content\/uploads\/2021\/04\/agent-co-femme-2.png?w=740&#038;ssl=1\" alt=\"\" class=\"wp-image-3028\"  \/><\/a><figcaption><span class=\"uppercase\"><span style=\"color:#820002\" class=\"has-inline-color\"><a href=\"https:\/\/amg2l.com\/offre-exclusive-rc-pro-agent-co\/\" target=\"_blank\" rel=\"noreferrer noopener\"><strong>Offre RC<\/strong> <strong>PRO Agent Co en Immobilier             <\/strong> <strong>A partir de 95\u20ac\/an<\/strong><\/a><\/span><\/span><\/figcaption><\/figure><\/div>\n\n\n\n<div class=\"wp-block-image\"><figure class=\"aligncenter size-large is-resized\"><a href=\"https:\/\/amg2l.com\/offre-rc-pro-mandataire\/\"><img data-recalc-dims=\"1\" decoding=\"async\" src=\"https:\/\/i0.wp.com\/amg2l.com\/wp-content\/uploads\/2021\/04\/RC-PRO-IOBSP-1.png?w=740&#038;ssl=1\" alt=\"\" class=\"wp-image-3033\"  \/><\/a><figcaption><span class=\"uppercase\"><span style=\"color:#820002\" class=\"has-inline-color\"><a href=\"https:\/\/amg2l.com\/offre-rc-pro-mandataire\/\" target=\"_blank\" rel=\"noreferrer noopener\"><strong>Offre RC Pro Mandataire \u00e0 partir de 250\u20ac\/an<\/strong><\/a><\/span><\/span><\/figcaption><\/figure><\/div>\n\n\n\n<div class=\"wp-block-image\"><figure class=\"aligncenter size-large is-resized\"><a href=\"https:\/\/amg2l.com\/offre-rc-pro-courtier-en-banque\/\" target=\"_blank\" rel=\"noopener\"><img data-recalc-dims=\"1\" decoding=\"async\" src=\"https:\/\/i0.wp.com\/amg2l.com\/wp-content\/uploads\/2021\/04\/photo-courtier-banque.png?w=740&#038;ssl=1\" alt=\"\" class=\"wp-image-3048\"  \/><\/a><figcaption><a href=\"https:\/\/amg2l.com\/offre-rc-pro-courtier-en-banque\/\" target=\"_blank\" rel=\"noreferrer noopener\"><strong>Offre RC Pro COURTIER EN BANQUE <\/strong><\/a><br><a href=\"https:\/\/amg2l.com\/offre-rc-pro-courtier-en-banque\/\" target=\"_blank\" rel=\"noreferrer noopener\"><strong>A PARTIR DE 455\u20ac\/AN<\/strong><\/a><\/figcaption><\/figure><\/div>\n\n\n\n<div class=\"wp-block-image\"><figure class=\"aligncenter size-large is-resized\"><a href=\"https:\/\/amg2l.com\/page-en-cours-de-construction\/\"><img data-recalc-dims=\"1\" decoding=\"async\" src=\"https:\/\/i0.wp.com\/amg2l.com\/wp-content\/uploads\/2021\/04\/Courtier-en-assurance.png?w=740&#038;ssl=1\" alt=\"\" class=\"wp-image-3056\"  \/><\/a><figcaption>Offres RC PRO Courtier en Assurance &#8211; COA<\/figcaption><\/figure><\/div>\n","protected":false},"excerpt":{"rendered":"","protected":false},"author":1,"featured_media":0,"parent":0,"menu_order":0,"comment_status":"closed","ping_status":"closed","template":"","meta":{"footnotes":""},"class_list":["post-2960","page","type-page","status-publish","hentry"],"jetpack_sharing_enabled":true,"_links":{"self":[{"href":"https:\/\/www.amg2l.com\/index.php?rest_route=\/wp\/v2\/pages\/2960","targetHints":{"allow":["GET"]}}],"collection":[{"href":"https:\/\/www.amg2l.com\/index.php?rest_route=\/wp\/v2\/pages"}],"about":[{"href":"https:\/\/www.amg2l.com\/index.php?rest_route=\/wp\/v2\/types\/page"}],"author":[{"embeddable":true,"href":"https:\/\/www.amg2l.com\/index.php?rest_route=\/wp\/v2\/users\/1"}],"replies":[{"embeddable":true,"href":"https:\/\/www.amg2l.com\/index.php?rest_route=%2Fwp%2Fv2%2Fcomments&post=2960"}],"version-history":[{"count":0,"href":"https:\/\/www.amg2l.com\/index.php?rest_route=\/wp\/v2\/pages\/2960\/revisions"}],"wp:attachment":[{"href":"https:\/\/www.amg2l.com\/index.php?rest_route=%2Fwp%2Fv2%2Fmedia&parent=2960"}],"curies":[{"name":"wp","href":"https:\/\/api.w.org\/{rel}","templated":true}]}}