{"id":580,"date":"2021-04-17T20:37:35","date_gmt":"2021-04-17T18:37:35","guid":{"rendered":"https:\/\/amg2l.com\/?page_id=580"},"modified":"2022-02-15T08:40:54","modified_gmt":"2022-02-15T08:40:54","slug":"garantie-loyers-impayes","status":"publish","type":"page","link":"https:\/\/www.amg2l.com\/?page_id=580","title":{"rendered":"Garantie Loyers Impay\u00e9s"},"content":{"rendered":"\n<p class=\"has-text-align-center has-text-color has-medium-font-size\" style=\"color:#0f4a79\">Le co\u00fbt moyen pour un propri\u00e9taire se trouvant face au d\u00e9faut de paiement de son locataire  est de 8000\u20ac<\/p>\n\n\n\n<div class=\"wp-block-image\"><figure class=\"aligncenter size-medium is-resized\"><img data-recalc-dims=\"1\" loading=\"lazy\" decoding=\"async\" src=\"https:\/\/i0.wp.com\/amg2l.com\/wp-content\/uploads\/2022\/02\/gli-300x200.jpg?resize=488%2C326&#038;ssl=1\" alt=\"Garantie Loyer Impay\u00e9 = s\u00e9r\u00e9nit\u00e9\" class=\"wp-image-3529\" width=\"488\" height=\"326\" srcset=\"https:\/\/i0.wp.com\/www.amg2l.com\/wp-content\/uploads\/2022\/02\/gli.jpg?resize=300%2C200&amp;ssl=1 300w, https:\/\/i0.wp.com\/www.amg2l.com\/wp-content\/uploads\/2022\/02\/gli.jpg?resize=1024%2C682&amp;ssl=1 1024w, https:\/\/i0.wp.com\/www.amg2l.com\/wp-content\/uploads\/2022\/02\/gli.jpg?resize=768%2C512&amp;ssl=1 768w, https:\/\/i0.wp.com\/www.amg2l.com\/wp-content\/uploads\/2022\/02\/gli.jpg?resize=1536%2C1024&amp;ssl=1 1536w, https:\/\/i0.wp.com\/www.amg2l.com\/wp-content\/uploads\/2022\/02\/gli.jpg?w=1688&amp;ssl=1 1688w, https:\/\/i0.wp.com\/www.amg2l.com\/wp-content\/uploads\/2022\/02\/gli.jpg?w=1480&amp;ssl=1 1480w\" sizes=\"auto, (max-width: 488px) 100vw, 488px\" \/><figcaption>Assurez-vous contre les impay\u00e9s dans les meilleures conditions<\/figcaption><\/figure><\/div>\n\n\n\n<h5 class=\"has-text-color has-medium-font-size wp-block-heading\" id=\"l-assurance-garanties-loyers-impayes\" style=\"color:#820002\"><strong>L&rsquo;assurance Garanties Loyers Impay\u00e9s<\/strong><\/h5>\n\n\n\n<p class=\"has-text-align-justify has-text-color has-medium-font-size\" style=\"color:#0f4a79\">Vous d\u00e9cidez de mettre en location votre bien immobilier afin de rechercher une nouvelle source de revenus. Vous avez sans nul doute mesur\u00e9 les b\u00e9n\u00e9fices de cette nouvelle d\u00e9marche. Cependant vous vous  exposez aussi au risque du d\u00e9faut de paiement du loyer par votre locataire. En France, la l\u00e9gislation prot\u00e8ge les&nbsp;locataire, et ainsi une situation d\u2019impay\u00e9s de loyers&nbsp;peut durer plusieurs mois, parfois m\u00eame plusieurs ann\u00e9es sans qu\u2019il soit possible d\u2019expulser le locataire&nbsp;en place. Cette situation dramatique intervient dans 3% des&nbsp;mises en location. Elle est synonyme de proc\u00e9dures, de manque \u00e0 gagner, de difficult\u00e9s dans le remboursement de&nbsp;pr\u00eats immobiliers\u2026 une situation \u00e0 \u00e9viter absolument&nbsp;!<\/p>\n\n\n\n<h5 class=\"has-text-color has-medium-font-size wp-block-heading\" id=\"le-choix-du-locataire-solvable\" style=\"color:#820002\"><strong>Le choix du locataire \u00ab\u00a0solvable\u00a0\u00bb<\/strong><\/h5>\n\n\n\n<p class=\"has-text-align-justify has-text-color has-medium-font-size\" style=\"color:#0f4a79\">Les compagnies d&rsquo;assurance valident le contrat d&rsquo;assurance GLI sous conditions de ressources en fonction du profil de la personne demandant la location de votre bien. Les documents demand\u00e9s pour justifier les revenus sont diff\u00e9rents selon le profil de votre pr\u00e9tendant \u00e0 la location. Cette d\u00e9marche est un pr\u00e9-requis \u00e0 la r\u00e9ussite de votre location en tant que particulier bailleur!<br><\/p>\n\n\n\n<h5 class=\"has-text-color has-medium-font-size wp-block-heading\" id=\"les-garanties-loyers-impayes-qui-existent-gli\" style=\"color:#820002\"><strong>Les Garanties Loyers Impay\u00e9s  qui existent(GLI)<\/strong><\/h5>\n\n\n\n<p class=\"has-text-align-justify has-text-color has-medium-font-size\" style=\"color:#0f4a79\">Afin d&rsquo;\u00eatre serein sur votre location, le choix du locataire \u00ab\u00a0solvable\u00a0\u00bb se cumule avec l&rsquo;assurance garantie loyers impay\u00e9s afin que vous puissiez vous m\u00eame continuer \u00e0 payer les cr\u00e9dits bancaires et charges d&rsquo;entretien sans difficult\u00e9.<br>Nous retrouvons les garanties suivantes:<br>\u2705 Prise en charge des loyers impay\u00e9s et charges locatives jusqu&rsquo;au d\u00e9part du locataire<br>\u2705 Prise en charge des d\u00e9gradations immobili\u00e8res plafonn\u00e9es \u00e0 10 000\u20ac TTC par sinistre et par logement<br>\u2705Prise en charge des frais de contentieux engag\u00e9s pour recouvrer le montant des loyers impay\u00e9s ou d\u00e9gradations immobili\u00e8res.<br><\/p>\n\n\n\n<p class=\"has-text-align-center has-text-color has-medium-font-size\" style=\"color:#820002\">Notre \u00e9quipe est l\u00e0 pour vous accompagner sur votre besoin et rechercher <br>les conditions de march\u00e9 les plus adapt\u00e9es \u00e0 votre profil. <br>Parlons en ensemble&nbsp;!<\/p>\n\n\n\n<div class=\"wp-block-buttons is-layout-flex wp-block-buttons-is-layout-flex\">\n<div class=\"wp-block-button has-custom-width wp-block-button__width-50\"><a class=\"wp-block-button__link has-white-color has-text-color has-background\" href=\"https:\/\/docs.google.com\/forms\/d\/e\/1FAIpQLSf9uDZghbygindtaZBHhHKhstdI8st64u8by65OGqezWR539w\/viewform\" style=\"background-color:#820002\">CONTACTEZ-NOUS<\/a><\/div>\n\n\n\n<div class=\"wp-block-button has-custom-width wp-block-button__width-50 is-style-fill\"><a class=\"wp-block-button__link has-background\" href=\"https:\/\/amg2l.com\/\" style=\"background-color:#0f4a79\">RETOUR ACCUEIL<\/a><\/div>\n<\/div>\n","protected":false},"excerpt":{"rendered":"<p>Le co\u00fbt moyen pour un propri\u00e9taire se trouvant face au d\u00e9faut de paiement de son locataire est de 8000\u20ac L&rsquo;assurance Garanties Loyers Impay\u00e9s Vous d\u00e9cidez de mettre en location votre &hellip; <a href=\"https:\/\/www.amg2l.com\/?page_id=580\" class=\"more-link\">Lire la suite <span class=\"screen-reader-text\">Garantie Loyers Impay\u00e9s<\/span><\/a><\/p>\n","protected":false},"author":1,"featured_media":0,"parent":0,"menu_order":0,"comment_status":"closed","ping_status":"closed","template":"","meta":{"footnotes":""},"class_list":["post-580","page","type-page","status-publish","hentry"],"jetpack_sharing_enabled":true,"_links":{"self":[{"href":"https:\/\/www.amg2l.com\/index.php?rest_route=\/wp\/v2\/pages\/580","targetHints":{"allow":["GET"]}}],"collection":[{"href":"https:\/\/www.amg2l.com\/index.php?rest_route=\/wp\/v2\/pages"}],"about":[{"href":"https:\/\/www.amg2l.com\/index.php?rest_route=\/wp\/v2\/types\/page"}],"author":[{"embeddable":true,"href":"https:\/\/www.amg2l.com\/index.php?rest_route=\/wp\/v2\/users\/1"}],"replies":[{"embeddable":true,"href":"https:\/\/www.amg2l.com\/index.php?rest_route=%2Fwp%2Fv2%2Fcomments&post=580"}],"version-history":[{"count":6,"href":"https:\/\/www.amg2l.com\/index.php?rest_route=\/wp\/v2\/pages\/580\/revisions"}],"predecessor-version":[{"id":3920,"href":"https:\/\/www.amg2l.com\/index.php?rest_route=\/wp\/v2\/pages\/580\/revisions\/3920"}],"wp:attachment":[{"href":"https:\/\/www.amg2l.com\/index.php?rest_route=%2Fwp%2Fv2%2Fmedia&parent=580"}],"curies":[{"name":"wp","href":"https:\/\/api.w.org\/{rel}","templated":true}]}}