{"id":917,"date":"2021-02-11T11:34:41","date_gmt":"2021-02-11T10:34:41","guid":{"rendered":"https:\/\/amg2l.com\/?page_id=917"},"modified":"2022-02-08T18:42:50","modified_gmt":"2022-02-08T18:42:50","slug":"accidents-de-la-vie","status":"publish","type":"page","link":"https:\/\/www.amg2l.com\/?page_id=917","title":{"rendered":"Les accidents de la vie courante"},"content":{"rendered":"\n<p class=\"has-text-align-center has-text-color\" style=\"color:#820002;font-size:15px\"> <br>Ce sont 11 millions d&rsquo;accidents par an dont 5 millions ayant recours au urgences <br>ainsi que 20 000 d\u00e9c\u00e8s par an<\/p>\n\n\n\n<div class=\"wp-block-image\"><figure class=\"aligncenter size-full\"><img data-recalc-dims=\"1\" loading=\"lazy\" decoding=\"async\" width=\"740\" height=\"482\" src=\"https:\/\/i0.wp.com\/amg2l.com\/wp-content\/uploads\/2022\/02\/PHOTO-SITE-WEB-GAV-scaled.jpg?resize=740%2C482&#038;ssl=1\" alt=\"\" class=\"wp-image-3557\" srcset=\"https:\/\/i0.wp.com\/www.amg2l.com\/wp-content\/uploads\/2022\/02\/PHOTO-SITE-WEB-GAV-scaled.jpg?w=2560&amp;ssl=1 2560w, https:\/\/i0.wp.com\/www.amg2l.com\/wp-content\/uploads\/2022\/02\/PHOTO-SITE-WEB-GAV-scaled.jpg?resize=300%2C195&amp;ssl=1 300w, https:\/\/i0.wp.com\/www.amg2l.com\/wp-content\/uploads\/2022\/02\/PHOTO-SITE-WEB-GAV-scaled.jpg?resize=1024%2C667&amp;ssl=1 1024w, https:\/\/i0.wp.com\/www.amg2l.com\/wp-content\/uploads\/2022\/02\/PHOTO-SITE-WEB-GAV-scaled.jpg?resize=768%2C500&amp;ssl=1 768w, https:\/\/i0.wp.com\/www.amg2l.com\/wp-content\/uploads\/2022\/02\/PHOTO-SITE-WEB-GAV-scaled.jpg?resize=1536%2C1000&amp;ssl=1 1536w, https:\/\/i0.wp.com\/www.amg2l.com\/wp-content\/uploads\/2022\/02\/PHOTO-SITE-WEB-GAV-scaled.jpg?resize=2048%2C1333&amp;ssl=1 2048w, https:\/\/i0.wp.com\/www.amg2l.com\/wp-content\/uploads\/2022\/02\/PHOTO-SITE-WEB-GAV-scaled.jpg?resize=2000%2C1302&amp;ssl=1 2000w, https:\/\/i0.wp.com\/www.amg2l.com\/wp-content\/uploads\/2022\/02\/PHOTO-SITE-WEB-GAV-scaled.jpg?w=1480&amp;ssl=1 1480w, https:\/\/i0.wp.com\/www.amg2l.com\/wp-content\/uploads\/2022\/02\/PHOTO-SITE-WEB-GAV-scaled.jpg?w=2220&amp;ssl=1 2220w\" sizes=\"auto, (max-width: 740px) 100vw, 740px\" \/><\/figure><\/div>\n\n\n\n<h5 class=\"has-text-color wp-block-heading\" id=\"accidents-de-la-vie-qu-est-ce-que-c-est\" style=\"color:#820002\">ACCIDENTS DE LA VIE QU&rsquo;EST CE QUE C&rsquo;EST?<\/h5>\n\n\n\n<p class=\"has-text-align-justify has-text-color has-small-font-size\" style=\"color:#0f4a79\">Les accidents de la vie courante sont des \u00ab&nbsp;traumatismes non intentionnels&nbsp;\u00bb. Ils ont lieu \u00e0 la maison ou aux alentours, \u00e0 l&rsquo;ext\u00e9rieur (sur un chemin de randonn\u00e9e, un magasin, sur le trottoir&#8230;) dans un cadre scolaire ou lors d\u2019une pratique sportive bref durant votre vie priv\u00e9e.  Nous pouvons trouver dans le p\u00e9rim\u00e8tre des accidents garantis: les accidents suite \u00e0 attentat ou agression mais aussi les accidents m\u00e9dicaux.<\/p>\n\n\n\n<h5 class=\"has-text-color wp-block-heading\" id=\"l-assurance-garantie-accidents-de-la-vie\" style=\"color:#820002\">L&rsquo;ASSURANCE \u00ab\u00a0GARANTIE ACCIDENTS DE LA VIE\u00a0\u00bb<\/h5>\n\n\n\n<p class=\"has-text-align-justify has-text-color has-small-font-size\" style=\"color:#0f4a79\">Le produit d&rsquo;assurance vous prot\u00e9geant contre ce risque se nomme \u00ab\u00a0Garantie Accident de la Vie\u00a0\u00bb. <br>Nous trouvons 2 types de contrats sur le march\u00e9 \u00e0 savoir:<br>\ud83d\udc49 Le contrat <strong>forfaitaire:<\/strong> le montant des indemnit\u00e9s vers\u00e9es par la compagnie d&rsquo;assurance lors de la d\u00e9claration d&rsquo;un sinistre est connu d\u00e8s la souscription du contrat<br>\ud83d\udc49 Le contrat <strong>indemnitaire <\/strong>: les indemnit\u00e9s vers\u00e9es correspondent au montant calcul\u00e9 pour r\u00e9parer les pr\u00e9judices subis conform\u00e9ment au droit commun. <\/p>\n\n\n\n<p class=\"has-text-color has-small-font-size\" style=\"color:#0f4a79\">Les principales garanties du contrat:<br><br>\u2705 Pr\u00e9judices esth\u00e9tiques permanents : : Disgr\u00e2ces physiques subsistant apr\u00e8s la date de consolidation.<br>\u2705 Pr\u00e9judices d&rsquo;agr\u00e9ment : Cette garantie permet de mesurer la perte des aptitudes \u00e0 poursuivre la pratique r\u00e9guli\u00e8re d&rsquo;une activit\u00e9 (sport, loisir, activit\u00e9 artistique) pour l&rsquo;assur\u00e9 par rapport \u00e0 ses aptitudes avant l&rsquo;accident garanti.<br>\u2705 Pr\u00e9judices \u00e9conomiques<br>      &#8211; Indemnisation suite \u00e0 l&rsquo;invalidit\u00e9 permanente partielle <br>      &#8211; Indemnisation suite \u00e0 l&rsquo;invalidit\u00e9  totale<br>      &#8211; Indemnisation suite au d\u00e9c\u00e8s<br>      &#8211; Indemnisation suite \u00e0 la  perte de revenus<br>      &#8211; Am\u00e9nagement de la maison et\/ou de la voiture<br>      &#8211; Assistance d&rsquo;une tierce personne<br>      &#8211; Mat\u00e9riels m\u00e9dicaux sp\u00e9cifiques (lit m\u00e9dicalis\u00e9, fauteuil roulant<br>      &#8211; Frais fun\u00e9raires<br>\u2705 Souffrances endur\u00e9es : Douleurs physiques ou morales, endur\u00e9es par le bless\u00e9 du fait de ses dommages corporels subis.<br>\u2705 Frais m\u00e9dicaux<br>\u2705 Indemnit\u00e9s journali\u00e8res hospitali\u00e8res<br>\u2705 Services d&rsquo;assistance lors de la survenance de l&rsquo;accident<br><br><\/p>\n\n\n\n<p class=\"has-text-align-center has-text-color\" style=\"color:#820002;font-size:15px;line-height:1.4\">Notre \u00e9quipe est l\u00e0 pour vous accompagner sur votre besoin et rechercher les conditions de march\u00e9<br>les plus adapt\u00e9es \u00e0 votre profil. Parlons en ensemble&nbsp;!<br><\/p>\n\n\n\n<div class=\"wp-block-buttons is-layout-flex wp-block-buttons-is-layout-flex\">\n<div class=\"wp-block-button has-custom-width wp-block-button__width-50 is-style-fill\"><a class=\"wp-block-button__link has-background\" href=\"https:\/\/amg2l.com\/\" style=\"background-color:#0f4a79\">RETOUR ACCUEIL<\/a><\/div>\n\n\n\n<div class=\"wp-block-button has-custom-width wp-block-button__width-50\"><a class=\"wp-block-button__link has-background\" href=\"https:\/\/docs.google.com\/forms\/d\/e\/1FAIpQLSf9uDZghbygindtaZBHhHKhstdI8st64u8by65OGqezWR539w\/viewform\" style=\"background-color:#820002\">CONTACTEZ-NOUS<\/a><\/div>\n<\/div>\n\n\n\n<p><br><br><\/p>\n","protected":false},"excerpt":{"rendered":"<p>Ce sont 11 millions d&rsquo;accidents par an dont 5 millions ayant recours au urgences ainsi que 20 000 d\u00e9c\u00e8s par an ACCIDENTS DE LA VIE QU&rsquo;EST CE QUE C&rsquo;EST? Les &hellip; <a href=\"https:\/\/www.amg2l.com\/?page_id=917\" class=\"more-link\">Lire la suite <span class=\"screen-reader-text\">Les accidents de la vie courante<\/span><\/a><\/p>\n","protected":false},"author":1,"featured_media":0,"parent":0,"menu_order":0,"comment_status":"closed","ping_status":"closed","template":"","meta":{"footnotes":""},"class_list":["post-917","page","type-page","status-publish","hentry"],"jetpack_sharing_enabled":true,"_links":{"self":[{"href":"https:\/\/www.amg2l.com\/index.php?rest_route=\/wp\/v2\/pages\/917","targetHints":{"allow":["GET"]}}],"collection":[{"href":"https:\/\/www.amg2l.com\/index.php?rest_route=\/wp\/v2\/pages"}],"about":[{"href":"https:\/\/www.amg2l.com\/index.php?rest_route=\/wp\/v2\/types\/page"}],"author":[{"embeddable":true,"href":"https:\/\/www.amg2l.com\/index.php?rest_route=\/wp\/v2\/users\/1"}],"replies":[{"embeddable":true,"href":"https:\/\/www.amg2l.com\/index.php?rest_route=%2Fwp%2Fv2%2Fcomments&post=917"}],"version-history":[{"count":2,"href":"https:\/\/www.amg2l.com\/index.php?rest_route=\/wp\/v2\/pages\/917\/revisions"}],"predecessor-version":[{"id":3665,"href":"https:\/\/www.amg2l.com\/index.php?rest_route=\/wp\/v2\/pages\/917\/revisions\/3665"}],"wp:attachment":[{"href":"https:\/\/www.amg2l.com\/index.php?rest_route=%2Fwp%2Fv2%2Fmedia&parent=917"}],"curies":[{"name":"wp","href":"https:\/\/api.w.org\/{rel}","templated":true}]}}