{"id":946,"date":"2021-02-11T12:00:19","date_gmt":"2021-02-11T11:00:19","guid":{"rendered":"https:\/\/amg2l.com\/?page_id=946"},"modified":"2023-08-23T15:50:55","modified_gmt":"2023-08-23T15:50:55","slug":"assurance-de-prets","status":"publish","type":"page","link":"https:\/\/www.amg2l.com\/?page_id=946","title":{"rendered":"Assurance de pr\u00eat"},"content":{"rendered":"\n<div class=\"wp-block-columns is-layout-flex wp-container-core-columns-is-layout-9d6595d7 wp-block-columns-is-layout-flex\">\n<div class=\"wp-block-column is-layout-flow wp-block-column-is-layout-flow\" style=\"flex-basis:100%\">\n<div class=\"wp-block-group\"><div class=\"wp-block-group__inner-container is-layout-flow wp-block-group-is-layout-flow\">\n<h1 class=\"wp-block-heading alignfull has-text-color\" id=\"emprunter-c-est-aussi-s-assurer-au-meilleur-rapport-qualite-prix\" style=\"color:#0f4a79\">Emprunter c&rsquo;est aussi s&rsquo;assurer au meilleur rapport qualit\u00e9\/prix<\/h1>\n<\/div><\/div>\n\n\n\n<div class=\"wp-block-media-text alignwide is-stacked-on-mobile\"><figure class=\"wp-block-media-text__media\"><img data-recalc-dims=\"1\" loading=\"lazy\" decoding=\"async\" width=\"263\" height=\"258\" src=\"https:\/\/i0.wp.com\/amg2l.com\/wp-content\/uploads\/2022\/02\/assurance258x263-1.jpg?resize=263%2C258&#038;ssl=1\" alt=\"\" class=\"wp-image-3980 size-full\"\/><\/figure><div class=\"wp-block-media-text__content\">\n<p class=\"has-drop-cap has-text-color has-medium-font-size\" style=\"color:#0f4a79\">Les banques imposent commercialement une assurance de pr\u00eat ( D\u00e9c\u00e8s et Invalidit\u00e9 ) qui repr\u00e9sente souvent, sans que vous vous en aperceviez vraiment, une part tr\u00e8s importante de votre endettement. <br>Cependant, il est possible de r\u00e9aliser des \u00e9conomies substantielles (en moyenne 14.000 euros ) sur vos pr\u00eats en faisant appel \u00e0 la d\u00e9l\u00e9gation d&rsquo;assurance de pr\u00eat. Ceci est possible depuis 2010 et la Loi Lagarde.<\/p>\n<\/div><\/div>\n<\/div>\n<\/div>\n\n\n\n<div class=\"wp-block-jetpack-layout-grid alignfull column1-desktop-grid__span-12 column1-desktop-grid__row-1 column1-tablet-grid__span-8 column1-tablet-grid__row-1 column1-mobile-grid__span-4 column1-mobile-grid__row-1\">\n<div class=\"wp-block-jetpack-layout-grid-column wp-block-jetpack-layout-grid__padding-none\">\n<p class=\"has-drop-cap has-text-color has-medium-font-size\" style=\"color:#0f4a79\">Avec la Loi LEMOINE, vous pouvez r\u00e9silier votre assurance de pr\u00eat aupr\u00e8s de la banque ou d&rsquo;une autre compagnie la premi\u00e8re ann\u00e9e suite \u00e0 la signature de l&rsquo; offre de pr\u00eat, \u00e0 garanties \u00e9quivalentes! <\/p>\n<\/div>\n<\/div>\n\n\n\n<p class=\"has-text-align-center has-text-color has-medium-font-size\" style=\"color: #0f4a79; text-align: justify;\">Les \u00e9conomies estim\u00e9es sur votre co\u00fbt total de pr\u00eat peuvent repr\u00e9senter jusqu&rsquo;\u00e0 5% !<\/p>\n\n\n<div class=\"wp-block-image is-style-rounded\">\n<figure class=\"aligncenter size-medium is-resized\"><img data-recalc-dims=\"1\" loading=\"lazy\" decoding=\"async\" src=\"https:\/\/i0.wp.com\/amg2l.com\/wp-content\/uploads\/2022\/02\/assurance-de-pret-1-300x199.png?resize=477%2C316&#038;ssl=1\" alt=\"Assurance de pr\u00eat MG2L\" class=\"wp-image-3598\" style=\"width:477px;height:316px\" width=\"477\" height=\"316\" srcset=\"https:\/\/i0.wp.com\/www.amg2l.com\/wp-content\/uploads\/2022\/02\/assurance-de-pret-1.png?resize=300%2C199&amp;ssl=1 300w, https:\/\/i0.wp.com\/www.amg2l.com\/wp-content\/uploads\/2022\/02\/assurance-de-pret-1.png?w=709&amp;ssl=1 709w\" sizes=\"auto, (max-width: 477px) 100vw, 477px\" \/><figcaption class=\"wp-element-caption\">Votre assurance de pr\u00eat sur-mesure<\/figcaption><\/figure>\n<\/div>\n\n\n<div class=\"wp-block-jetpack-layout-grid alignfull column1-desktop-grid__span-12 column1-desktop-grid__row-1 column1-tablet-grid__span-8 column1-tablet-grid__row-1 column1-mobile-grid__span-4 column1-mobile-grid__row-1\">\n<div class=\"wp-block-jetpack-layout-grid-column wp-block-jetpack-layout-grid__padding-none\">\n<p class=\"has-drop-cap has-text-color has-medium-font-size\" style=\"color:#0f4a79\">Vous avez contract\u00e9 un pr\u00eat immobilier et donc vous avez souscrit une assurance de pr\u00eat ? Sachez que les contrats groupes sont souvent tr\u00e8s chers et les garanties sont souvent les plus basiques, en tout cas, ces assurances ne sont pas tout le temps adapt\u00e9es \u00e0 votre situation personnelle d&#8217;emprunteur.<br>Cette assurance est \u00ab\u00a0facultative\u00a0\u00bb dans tous les types de pr\u00eats mais peut \u00eatre impos\u00e9e par les banques, notamment lorsque vous souscrivez un pr\u00eat immobilier : C&rsquo;est ainsi que vous d\u00e9cidez d&rsquo;investir (seul ou \u00e0 plusieurs) dans l&rsquo;achat d&rsquo;une r\u00e9sidence principale ou locative, vous devrez souscrire une assurance permettant \u00e0 la banque de se pr\u00e9munir s&rsquo;il vous arrive quelque chose, et \u00e0 vous d&rsquo;en faire de m\u00eame! (Prot\u00e9gez vos proches, vous prot\u00e9ger, prot\u00e9ger le pr\u00eateur)<\/p>\n\n\n\n<p class=\"has-drop-cap has-text-color has-medium-font-size\" style=\"color:#0f4a79\">En revanche, si un accident vous emp\u00eache d&rsquo;aller travailler, et donc de percevoir un revenu, le paiement de votre mensualit\u00e9 de pr\u00eat va \u00eatre de plus en plus difficile \u00e0 rembourser. Mais en cas d&rsquo;arr\u00eat de travail, d&rsquo;invalidit\u00e9 permanente ou m\u00eame de d\u00e9c\u00e8s, l&rsquo;assurance de pr\u00eat souscrite viendra payer \u00e0 votre place le montant de la mensualit\u00e9 de cr\u00e9dit \u00e0 rembourser \u00e0 la banque. Et le montant qui sera rembours\u00e9 par l&rsquo;assurance de pr\u00eat d\u00e9pend de la quotit\u00e9 choisie lors de la souscription du contrat.<\/p>\n<\/div>\n<\/div>\n\n\n<style>.wp-block-kadence-spacer.kt-block-spacer-946_a52554-9d .kt-block-spacer{height:6px;}.wp-block-kadence-spacer.kt-block-spacer-946_a52554-9d .kt-divider{border-top-width:1px;height:1px;border-top-color:#eee;width:100%;border-top-style:solid;}<\/style>\n<div class=\"wp-block-kadence-spacer aligncenter kt-block-spacer-946_a52554-9d\"><div class=\"kt-block-spacer kt-block-spacer-halign-center\"><hr class=\"kt-divider\"\/><\/div><\/div>\n\n\n\n<h1 class=\"wp-block-heading alignwide\" id=\"racheter-son-assurance-emprunteur-assurance-de-pret-chez-mg2l\">Racheter son assurance emprunteur\/ assurance de pr\u00eat chez MG2L<\/h1>\n\n\n\n<div class=\"wp-block-jetpack-layout-grid alignfull column1-desktop-grid__span-12 column1-desktop-grid__row-1 column1-tablet-grid__span-8 column1-tablet-grid__row-1 column1-mobile-grid__span-4 column1-mobile-grid__row-1\">\n<div class=\"wp-block-jetpack-layout-grid-column wp-block-jetpack-layout-grid__padding-none\">\n<p class=\"has-drop-cap has-text-color has-medium-font-size\" style=\"color:#0f4a79\">Depuis le 04\/02\/2022 et la publication au journal officiel de la nouvelle l\u00e9gislation sur la <strong>souscription et le rachat de l&rsquo;assurance de votre pr\u00eat,<\/strong> il vous est possible, de r\u00e9silier \u00e0 tout moment votre assurance de pr\u00eat, <strong>avec MG2L<\/strong>.<\/p>\n<\/div>\n<\/div>\n\n\n\n<hr class=\"wp-block-separator has-css-opacity\"\/>\n\n\n<style>.kb-image946_f12a2f-09.kb-image-is-ratio-size, .kb-image946_f12a2f-09 .kb-image-is-ratio-size{max-width:495px;width:100%;}.wp-block-kadence-column > .kt-inside-inner-col > .kb-image946_f12a2f-09.kb-image-is-ratio-size, .wp-block-kadence-column > .kt-inside-inner-col > .kb-image946_f12a2f-09 .kb-image-is-ratio-size{align-self:unset;}.kb-image946_f12a2f-09{max-width:495px;}.image-is-svg.kb-image946_f12a2f-09{-webkit-flex:0 1 100%;flex:0 1 100%;}.image-is-svg.kb-image946_f12a2f-09 img{width:100%;}.kb-image946_f12a2f-09 .kb-image-has-overlay:after{opacity:0.3;}<\/style>\n<figure class=\"wp-block-kadence-image kb-image946_f12a2f-09 size-full kb-image-is-ratio-size\"><div class=\"kb-is-ratio-image kb-image-ratio-land43\"><img data-recalc-dims=\"1\" loading=\"lazy\" decoding=\"async\" width=\"612\" height=\"612\" src=\"https:\/\/i0.wp.com\/amg2l.com\/wp-content\/uploads\/2022\/02\/istockphoto-184856503-612x612-1.jpg?resize=612%2C612&#038;ssl=1\" alt=\"checklist assurance emprunteur\" class=\"kb-img wp-image-3857\" srcset=\"https:\/\/i0.wp.com\/www.amg2l.com\/wp-content\/uploads\/2022\/02\/istockphoto-184856503-612x612-1.jpg?w=612&amp;ssl=1 612w, https:\/\/i0.wp.com\/www.amg2l.com\/wp-content\/uploads\/2022\/02\/istockphoto-184856503-612x612-1.jpg?resize=300%2C300&amp;ssl=1 300w, https:\/\/i0.wp.com\/www.amg2l.com\/wp-content\/uploads\/2022\/02\/istockphoto-184856503-612x612-1.jpg?resize=150%2C150&amp;ssl=1 150w\" sizes=\"auto, (max-width: 612px) 100vw, 612px\" \/><\/div><figcaption>Votre checklist Assurance Emprunteur avec MG2L <img data-recalc-dims=\"1\" loading=\"lazy\" decoding=\"async\" width=\"150\" height=\"97\" class=\"wp-image-3595\" style=\"width: 150px;\" src=\"https:\/\/i0.wp.com\/amg2l.com\/wp-content\/uploads\/2022\/02\/LOGO-MG2L-070520-JPEG.jpg?resize=150%2C97&#038;ssl=1\" alt=\"\" srcset=\"https:\/\/i0.wp.com\/www.amg2l.com\/wp-content\/uploads\/2022\/02\/LOGO-MG2L-070520-JPEG.jpg?w=795&amp;ssl=1 795w, https:\/\/i0.wp.com\/www.amg2l.com\/wp-content\/uploads\/2022\/02\/LOGO-MG2L-070520-JPEG.jpg?resize=300%2C193&amp;ssl=1 300w, https:\/\/i0.wp.com\/www.amg2l.com\/wp-content\/uploads\/2022\/02\/LOGO-MG2L-070520-JPEG.jpg?resize=768%2C495&amp;ssl=1 768w\" sizes=\"auto, (max-width: 150px) 100vw, 150px\" \/> <\/figcaption><\/figure>\n\n\n\n<hr class=\"wp-block-separator has-css-opacity\"\/>\n\n\n\n<div class=\"wp-block-jetpack-layout-grid alignfull column1-desktop-grid__span-12 column1-desktop-grid__row-1 column1-tablet-grid__span-8 column1-tablet-grid__row-1 column1-mobile-grid__span-4 column1-mobile-grid__row-1\">\n<div class=\"wp-block-jetpack-layout-grid-column wp-block-jetpack-layout-grid__padding-none\">\n<p class=\"has-drop-cap has-medium-font-size\"><span style=\"color: #0f4a79;\">Si l&rsquo;assurance de l&#8217;emprunteur n&rsquo;est pas l\u00e9galement imposable, elle est une garantie sine qua non impos\u00e9e par la banque pr\u00eateuse. Elle permet aussi bien:<\/span><\/p>\n\n\n\n<ul class=\"has-medium-font-size wp-block-list\">\n<li><span style=\"color: #0f4a79;\">\u00e0 la <strong>banque<\/strong> de <strong>garantir<\/strong> que, quoi qu&rsquo;il en soit, elle sera rembours\u00e9e sur son pr\u00eat par une compagnie d&rsquo;assurance,<\/span><\/li>\n\n\n\n<li><span style=\"color: #0f4a79;\">\u00e0 vous de vous <strong>prot\u00e9ger<\/strong> des al\u00e9as de la vie,<\/span><\/li>\n\n\n\n<li><span style=\"color: #0f4a79;\">\u00e0 vos proches d&rsquo;\u00eatre prot\u00e9g\u00e9s s&rsquo;il vous arrivait quoi que ce soit qui ne vous permettrait plus de rembourser vos \u00e9ch\u00e9ances.<\/span><\/li>\n<\/ul>\n\n\n\n<p class=\"has-drop-cap has-medium-font-size\"><span style=\"color: #0f4a79;\">Quoi qu&rsquo;on en dise, c&rsquo;est effectivement un <strong>bouclier<\/strong> utile pour toutes les parties prenantes au pr\u00eat. Nonobstant, comme toutes les assurances, elle est un pari sur ce qui pourrait arriver. Mais la concurrence est rude et il faut conna\u00eetre les garanties sur le bout des doigts et surtout savoir l&rsquo;adapter \u00e0 votre situation actuelle et \u00e0 venir, pour optimiser son co\u00fbt.<\/span><\/p>\n<\/div>\n<\/div>\n\n\n\n<p class=\"has-medium-font-size\"><span style=\"color: #0f4a79;\"><strong>MG2L<\/strong> vous apporte son <strong>expertise<\/strong> sur le sujet <\/span><img data-recalc-dims=\"1\" loading=\"lazy\" decoding=\"async\" width=\"150\" height=\"97\" class=\"wp-image-3595\" style=\"width: 150px;\" src=\"https:\/\/i0.wp.com\/amg2l.com\/wp-content\/uploads\/2022\/02\/LOGO-MG2L-070520-JPEG.jpg?resize=150%2C97&#038;ssl=1\" alt=\"\" srcset=\"https:\/\/i0.wp.com\/www.amg2l.com\/wp-content\/uploads\/2022\/02\/LOGO-MG2L-070520-JPEG.jpg?w=795&amp;ssl=1 795w, https:\/\/i0.wp.com\/www.amg2l.com\/wp-content\/uploads\/2022\/02\/LOGO-MG2L-070520-JPEG.jpg?resize=300%2C193&amp;ssl=1 300w, https:\/\/i0.wp.com\/www.amg2l.com\/wp-content\/uploads\/2022\/02\/LOGO-MG2L-070520-JPEG.jpg?resize=768%2C495&amp;ssl=1 768w\" sizes=\"auto, (max-width: 150px) 100vw, 150px\" \/><span style=\"color: #0f4a79;\">.<\/span><\/p>\n\n\n\n<div class=\"wp-block-jetpack-layout-grid alignfull column1-desktop-grid__span-12 column1-desktop-grid__row-1 column1-tablet-grid__span-8 column1-tablet-grid__row-1 column1-mobile-grid__span-4 column1-mobile-grid__row-1\">\n<div class=\"wp-block-jetpack-layout-grid-column wp-block-jetpack-layout-grid__padding-none\">\n<p class=\"has-drop-cap has-medium-font-size\"><span style=\"color: #0f4a79;\">Quoi qu&rsquo;on en dise, c&rsquo;est effectivement un <strong>bouclier<\/strong> utile pour toutes les parties prenantes au pr\u00eat. Nonobstant, comme toutes les assurances, elle est un pari sur ce qui pourrait arriver. Mais la concurrence est rude et il faut conna\u00eetre les garanties sur le bout des doigts et surtout savoir l&rsquo;adapter \u00e0 votre situation actuelle et \u00e0 venir, pour optimiser son co\u00fbt.<\/span><\/p>\n<\/div>\n<\/div>\n\n\n\n<p class=\"has-medium-font-size\"><span style=\"color: #0f4a79;\">Cette nouvelle loi, port\u00e9e il faut le souligner par des associations de consommateurs et par certaines associations repr\u00e9sentant le courtage, <\/span><\/p>\n\n\n\n<ul class=\"has-medium-font-size wp-block-list\">\n<li><span style=\"color: #0f4a79;\">r\u00e9duit aussi \u00e0 <strong>cinq ans le droit \u00e0 l\u2019oubli<\/strong> pour les personnes ayant eu un cancer et<\/span><\/li>\n\n\n\n<li><span style=\"color: #0f4a79;\"><strong>supprime le questionnaire m\u00e9dical<\/strong> pour les pr\u00eats immobiliers inf\u00e9rieurs \u00e0 200 000 euros et arrivant \u00e0 \u00e9ch\u00e9ance avant vos 60 ans.&nbsp;<\/span><\/li>\n<\/ul>\n\n\n\n<div class=\"wp-block-jetpack-layout-grid alignfull column1-desktop-grid__span-12 column1-desktop-grid__row-1 column1-tablet-grid__span-8 column1-tablet-grid__row-1 column1-mobile-grid__span-4 column1-mobile-grid__row-1\">\n<div class=\"wp-block-jetpack-layout-grid-column wp-block-jetpack-layout-grid__padding-none\">\n<p class=\"has-drop-cap has-text-color has-medium-font-size\" style=\"color:#0f4a79\">Penchez-vous d&rsquo;ores et d\u00e9j\u00e0 sur la question de votre rachat si vous \u00eates dans la quarantaine, avec un pr\u00eat de 20 ans dont il reste moins de 200.000 euros \u00e0 rembourser, et faites d&rsquo;une pierre deux coups: <strong>racheter un pr\u00eat<\/strong> avec notre courtier en banque VALORIALE, pour de meilleures conditions <strong>ET<\/strong> <strong>d\u00e9l\u00e9guer<\/strong> <strong>l&rsquo;assurance<\/strong> de l&#8217;emprunteur \u00e0 votre courtier MG2L et ses partenaires assureurs sp\u00e9cialis\u00e9s !<\/p>\n<\/div>\n<\/div>\n\n\n\n<h6 class=\"wp-block-heading has-text-color\" id=\"les-garanties-de-l-assurance-emprunteur\" style=\"color:#0f4a79;font-size:24px\"><strong>Les garanties de l&rsquo;assurance emprunteur <\/strong><\/h6>\n\n\n\n<p class=\"has-text-align-justify has-text-color has-medium-font-size\" style=\"color:#0f4a79;line-height:1.4\">\u2705<strong><span style=\"text-decoration: underline;\"> La garantie D\u00e9c\u00e8s<\/span> avec MG2L <\/strong>: Il s&rsquo;agit de la garantie minimale \u00e0 prendre. Elle prend en charge les mensualit\u00e9s par l&rsquo;assureur, selon la quotit\u00e9 choisie, selon les conseils de votre courtier MG2L, par vous et\/ ou votre co-emprunteur, en cas de d\u00e9c\u00e8s de l&rsquo;un ou de l&rsquo;autre.<\/p>\n\n\n\n<p class=\"has-text-align-justify has-text-color has-medium-font-size\" style=\"color:#0f4a79;line-height:1.4\"><br>\u2705 La <strong>Perte Totale <\/strong>et<strong> Irr\u00e9versible <\/strong>de l&rsquo;<strong>autonomie (PTIA)<\/strong> : Il s&rsquo;agit d&rsquo;une invalidit\u00e9 \u00e0 hauteur de 100%. L&rsquo;assistance d&rsquo;une tierce personnes pour les actes de la vie quotidienne est indispensable. (Ex : Se laver, se v\u00eatir, s&rsquo;alimenter.) L&rsquo;assureur prend en charge \u00e0 hauteur de la quotit\u00e9 choisie.<\/p>\n\n\n\n<p class=\"has-text-align-justify has-text-color has-medium-font-size\" style=\"color:#0f4a79;line-height:1.4\"><br>\u2705 <strong>Invalidit\u00e9 permanente et totale (IPT)<\/strong> : L&rsquo;assur\u00e9 est incapable d&rsquo;exercer toute activit\u00e9 lui permettant un revenu et elle peut \u00eatre physique ou morale. L&rsquo;assureur rembourse les \u00e9ch\u00e9ances en fonction de la quotit\u00e9.<\/p>\n\n\n\n<p class=\"has-text-align-justify has-text-color has-medium-font-size\" style=\"color:#0f4a79;line-height:1.4\"><br>\u2705 <strong>Invalidit\u00e9<\/strong> <strong>permanente<\/strong> et <strong>partielle<\/strong> (IPP) : Invalidit\u00e9 qui ne permet plus \u00e0 l&#8217;emprunteur ou au co-emprunteur d&rsquo;exercer son activit\u00e9 professionnelle. L&rsquo;assureur rembourse en fonction de tu taux d&rsquo;invalidit\u00e9 et de la quotit\u00e9.<\/p>\n\n\n\n<p class=\"has-text-align-justify has-text-color has-medium-font-size\" style=\"color:#0f4a79;line-height:1.4\"><br>\u2705 <strong>L&rsquo;incapacit\u00e9<\/strong> <strong>temporaire<\/strong> de <strong>travail<\/strong> (ITT) : Il s&rsquo;agit d&rsquo;un arr\u00eat de travail temporaire pouvant durer au maximum 3 ans.<\/p>\n\n\n\n<p class=\"has-text-align-justify has-text-color has-medium-font-size\" style=\"color:#0f4a79;line-height:1.4\"><br>\u2705 <strong>Perte d&#8217;emploi<\/strong> : Vous subissez une perte d&#8217;emploi et ceci vous emp\u00eache de percevoir vos revenus habituels, vous ne pouvez donc plus rembourser vos mensualit\u00e9s ? Cette option vous permet de couvrir ce risque selon la quotit\u00e9 choisie.<\/p>\n\n\n\n<p class=\"has-text-align-center has-text-color has-medium-font-size\" style=\"color:#0f4a79;line-height:1.4\">Nos conseillers MG2L sont \u00e0 l&rsquo;\u00e9coute<br>pour vous accompagner sur votre besoin et <br>rechercher les conditions de march\u00e9<br>les plus adapt\u00e9es \u00e0 votre profil. <br><br>Nos conseillers MG2L sont disponibles pour r\u00e9aliser une \u00e9tude gratuite de votre assurance de pr\u00eat actuelle et vous indiquer s&rsquo;il est int\u00e9ressant pour vous de d\u00e9lier le contrat de pr\u00eat et l&rsquo;assurance, ou si, au contraire, vous b\u00e9n\u00e9ficiez d&rsquo;une couverture optimale<br><\/p>\n\n\n\n<div class=\"wp-block-buttons is-layout-flex wp-block-buttons-is-layout-flex\">\n<div class=\"wp-block-button has-custom-width wp-block-button__width-50 is-style-fill\"><a class=\"wp-block-button__link has-background wp-element-button\" href=\"https:\/\/amg2l.com\/\" style=\"background-color:#0f4a79\">RETOUR ACCUEIL<\/a><\/div>\n\n\n\n<div class=\"wp-block-button has-custom-width wp-block-button__width-50\"><a class=\"wp-block-button__link has-background wp-element-button\" href=\"https:\/\/docs.google.com\/forms\/d\/e\/1FAIpQLSf9uDZghbygindtaZBHhHKhstdI8st64u8by65OGqezWR539w\/viewform\" style=\"background-color:#820002\" target=\"_blank\" rel=\"noreferrer noopener\">CONTACTEZ NOUS<\/a><\/div>\n<\/div>\n","protected":false},"excerpt":{"rendered":"<p>Emprunter c&rsquo;est aussi s&rsquo;assurer au meilleur rapport qualit\u00e9\/prix Les banques imposent commercialement une assurance de pr\u00eat ( D\u00e9c\u00e8s et Invalidit\u00e9 ) qui repr\u00e9sente souvent, sans que vous vous en aperceviez &hellip; <a href=\"https:\/\/www.amg2l.com\/?page_id=946\" class=\"more-link\">Lire la suite <span class=\"screen-reader-text\">Assurance de pr\u00eat<\/span><\/a><\/p>\n","protected":false},"author":1,"featured_media":3575,"parent":0,"menu_order":0,"comment_status":"closed","ping_status":"closed","template":"","meta":{"footnotes":""},"class_list":["post-946","page","type-page","status-publish","has-post-thumbnail","hentry"],"jetpack_sharing_enabled":true,"_links":{"self":[{"href":"https:\/\/www.amg2l.com\/index.php?rest_route=\/wp\/v2\/pages\/946","targetHints":{"allow":["GET"]}}],"collection":[{"href":"https:\/\/www.amg2l.com\/index.php?rest_route=\/wp\/v2\/pages"}],"about":[{"href":"https:\/\/www.amg2l.com\/index.php?rest_route=\/wp\/v2\/types\/page"}],"author":[{"embeddable":true,"href":"https:\/\/www.amg2l.com\/index.php?rest_route=\/wp\/v2\/users\/1"}],"replies":[{"embeddable":true,"href":"https:\/\/www.amg2l.com\/index.php?rest_route=%2Fwp%2Fv2%2Fcomments&post=946"}],"version-history":[{"count":15,"href":"https:\/\/www.amg2l.com\/index.php?rest_route=\/wp\/v2\/pages\/946\/revisions"}],"predecessor-version":[{"id":4018,"href":"https:\/\/www.amg2l.com\/index.php?rest_route=\/wp\/v2\/pages\/946\/revisions\/4018"}],"wp:featuredmedia":[{"embeddable":true,"href":"https:\/\/www.amg2l.com\/index.php?rest_route=\/wp\/v2\/media\/3575"}],"wp:attachment":[{"href":"https:\/\/www.amg2l.com\/index.php?rest_route=%2Fwp%2Fv2%2Fmedia&parent=946"}],"curies":[{"name":"wp","href":"https:\/\/api.w.org\/{rel}","templated":true}]}}